 m(15). Calculate the greatest common factor of r and y.
14
Let r be 10*((-5)/25 - 52/(-10)). What is the highest common divisor of 350 and r?
50
Let i = -15 - 15. Let q be -4 - i/6 - (1 + -7). Calculate the greatest common factor of 91 and q.
7
Suppose 4*b + 1656 = -a, -b + 2*a + 1652 = -5*b. Let z be (-4)/6 + b/(-15). Calculate the highest common factor of z and 18.
9
Let b be (-9)/(-12) - 1662/(-24). Calculate the highest common factor of 42 and b.
14
Let u = -436 + 696. Calculate the greatest common factor of 20 and u.
20
Let g be (-3136)/126*(-9)/2. Suppose 39 = 3*f - 3. Calculate the highest common factor of g and f.
14
Suppose -38*t = -14*t - 624. What is the highest common factor of t and 13?
13
Suppose -5*l + 5*p + 100 = 0, 4*l + p - 33 - 72 = 0. Let u = -6 + l. Calculate the greatest common divisor of u and 57.
19
Suppose -74 = -r - 59. What is the highest common factor of 15 and r?
15
Let y be -1 + -1 + (-460)/(-5). Calculate the highest common divisor of y and 30.
30
Let j = 1124 + -392. What is the highest common factor of 24 and j?
12
Let p(z) = -z**3 + 13*z**2 + 20*z - 27. Let w be p(12). Suppose 6*j - 3*j - w = 0. Calculate the greatest common factor of 17 and j.
17
Let b(u) = -6 + 2 + u - 8. Let o be b(9). Let c be (3/(-9))/(o/72). Calculate the highest common divisor of c and 4.
4
Let x(i) = 1860*i**2 - 20*i + 19. Let w be x(1). Calculate the greatest common divisor of 11 and w.
11
Let f be (-16)/48 - (-264)/9. What is the highest common divisor of 87 and f?
29
Suppose -5*g - 2*l = -7213, -4*g - 2*g + 8657 = l. Calculate the highest common divisor of g and 39.
39
Suppose 26*g = 34*g - 720. Let d = 35 + -25. What is the highest common divisor of g and d?
10
Let u be ((-147)/63)/((-8)/240). Suppose b - 6 = 4. Calculate the greatest common divisor of u and b.
10
Suppose -41*p + 3520 = -36*p. What is the greatest common factor of 64 and p?
64
Suppose 5*c - 351 = 14*c. Let h be 2*1/(-13) - 45/c. What is the greatest common divisor of 7 and h?
1
Let m be 2/(-5) + 2469/(-15). Suppose -5*q + y = -3*y - 1569, 16 = 4*y. Let l = q + m. Calculate the greatest common divisor of 19 and l.
19
Let g be -12 - ((-22 - 10) + 6). What is the highest common divisor of g and 6?
2
Suppose -3*w = 15, -6*w + 2*w + 145 = -5*m. Let y be 970/(-11) + (-6)/m. Let q = 2 - y. Calculate the greatest common factor of 36 and q.
18
Suppose 4*j - 5*j + 21 = 2*x, 0 = 3*x + 3*j - 36. What is the highest common factor of 30 and x?
3
Let l(j) = -j**3 - j**2 + j + 2. Let y be 4/(-10)*(-45)/(-9). Let w be l(y). Suppose 0 = -w*t + 42 + 26. Calculate the highest common factor of t and 68.
17
Let x(q) = 17*q + 15. Let r be x(8). Suppose -k - 145 + r = 0. Let b be ((-2)/(-1))/2 - -2. Calculate the greatest common factor of b and k.
3
Let o(m) = 18 + 33 - m - 11. Let n be o(0). What is the highest common factor of 10 and n?
10
Suppose z + 30 = 2*n, 2*n - n = 3*z + 20. What is the highest common divisor of 14 and n?
14
Let b = 9 + 54. Calculate the highest common divisor of b and 168.
21
Let l = -11 + 13. Let f(p) = -11*p - l + 12*p + 5. Let j be f(7). Calculate the highest common factor of 1 and j.
1
Let b(h) = -h + 4. Let c be b(-3). Suppose 0 = -23*p + 28*p - 10, -15 = -5*t - 5*p. What is the greatest common divisor of c and t?
1
Let y be 5 - (118/6)/((-11)/33). Calculate the greatest common factor of 104 and y.
8
Let a(k) = -2*k - 1. Let c be a(-1). Let m(v) = -v**3 - 5*v**2 - v - 3. Let p be m(-4). Let g = p - -24. Calculate the highest common factor of c and g.
1
Let x(f) = f**2 + 14*f - 4. Let n be x(-14). Let v(d) = 8*d**2 - 12*d - 1. Let m be v(n). What is the highest common factor of m and 25?
25
Let f be ((-35)/70)/((-1)/26). What is the greatest common divisor of f and 2743?
13
Let k(d) = -257*d - 958. Let v be k(-4). Calculate the greatest common divisor of v and 110.
10
Suppose 3*j + 2*s = 109 - 46, -2*j - 4*s = -34. What is the greatest common divisor of j and 966?
23
Let m(g) = 7*g**2 - 1. Let z be m(-1). Suppose 0 = 5*r - z - 4. Let v be ((-8)/6)/(r/(-24)). What is the greatest common divisor of 128 and v?
16
Suppose 594 = 3*p + 3*p. Let s = p - 64. Calculate the highest common factor of s and 70.
35
Let f = -589 - -693. Calculate the greatest common divisor of 91 and f.
13
Let d(s) = -s + 4. Let z be d(-3). Suppose z = -2*r + 55. Let k(h) = -2*h**3 + 7*h**2 + 7*h + 4. Let c be k(-4). What is the greatest common factor of c and r?
24
Suppose -2*x = x - 2*k - 718, 228 = x + 5*k. Calculate the highest common factor of x and 70.
14
Let z(r) = -r**2 - 10*r - 9. Let i be z(-9). Suppose -6*q + 10*q - 48 = i. Calculate the greatest common factor of 132 and q.
12
Let l(n) = -n**2 + 9*n - 8. Let c be l(8). Suppose -4*o - 10 - 6 = c. Let f(x) = x**2 + x - 4. Let w be f(o). What is the greatest common factor of w and 88?
8
Let i(y) be the third derivative of y**5/12 + y**4/12 - y**3 - 2*y**2. Let j be i(3). Calculate the highest common factor of 15 and j.
15
Suppose 0 = -10*m + 21 + 819. What is the greatest common factor of m and 24?
12
Let i = 33 + -20. Suppose i = 2*n + 5. What is the greatest common factor of 4 and n?
4
Let m(q) = 2*q**3 - 22*q**2 + 8. Let r be m(11). Calculate the highest common factor of 10 and r.
2
Let c be (-4674)/(-76)*2/3. What is the highest common divisor of c and 123?
41
Suppose 0 = 2*y + 3*o - 77, y - 7*o = -2*o + 45. What is the greatest common factor of 500 and y?
20
Let n = -52 + 86. Let l = -5421 - -5506. What is the highest common factor of n and l?
17
Suppose 5*n - 4 = 6. Suppose -16 = 2*a + v + 41, 88 = -3*a - n*v. Let o = -14 - a. Calculate the highest common divisor of o and 36.
12
Let j = -217 + 261. What is the highest common divisor of j and 44?
44
Let c be (-28)/3*12/(-4). Let o = c - 25. Suppose 0 = 5*t + 5*a - 1180, -4*a + o*a - 457 = -2*t. What is the highest common divisor of 21 and t?
21
Let i(y) = 3*y**2 + 6*y - 24. Let c be i(4). Calculate the highest common divisor of 60 and c.
12
Suppose 2*h + h - 5*m = 2, -2*m - 4 = -2*h. Suppose 2 - 4 = -5*a + 3*j, -5 = -h*a - j. Calculate the highest common divisor of a and 3.
1
Let z(m) = -16*m**3. Let k be z(-1). Let n = 5 - -27. What is the greatest common factor of k and n?
16
Suppose -28*f = -27*f + k - 4, 2*k - 17 = -5*f. Calculate the highest common factor of 37 and f.
1
Let s = -40 - -62. Let w(n) = n**3 + 5*n**2 - 5*n - 3. Let o be w(-5). Calculate the highest common divisor of s and o.
22
Suppose 0 = 3*h + 18*h - 252. What is the greatest common divisor of h and 12?
12
Let y = -95 + 89. Let k be 4/y + (-130)/(-6). What is the highest common divisor of k and 105?
21
Let h be (-2)/9 + (-16)/9. Let a be (0 - 0 - h)*2. Let z be (-2)/(-2) + (5 - 2). Calculate the highest common factor of a and z.
4
Let t(j) = j + 9. Let y be t(-6). Suppose 0 = -3*w + u + 87, -w - y*w + 116 = 4*u. What is the greatest common divisor of w and 232?
29
Let h(s) = 2*s**2 + 7*s + 1. Let i be h(-5). Let x(m) = -14*m - 258. Let b be x(-19). Calculate the highest common divisor of i and b.
8
Let s = 125 - -106. Calculate the greatest common factor of s and 154.
77
Suppose 3*q + 5*s = 3, q = s - 5*s - 6. What is the highest common factor of q and 18?
6
Let v(f) = f**2 - 6*f + 9. Suppose 0 = -0*x - x + 7. Let d be v(x). Let r = -16 - -18. What is the highest common factor of r and d?
2
Let c(d) = 2*d**2 - 4*d - 3. Let a be c(-7). Suppose 5*u + 4*w + 6 = 302, 2*u - 3*w - a = 0. Calculate the highest common factor of 20 and u.
20
Suppose -17*o + 83 = -15*o - n, -5*o + 218 = -4*n. Let x = -429 - -847. What is the highest common divisor of o and x?
38
Suppose -3*p - 336 = -10*p. Calculate the highest common factor of p and 36.
12
Let d(l) = 9*l. Let a be d(6). Suppose 0 = 7*u - 0*u + 20468. Let s be u/(-36) - (-12)/(-54). Calculate the greatest common factor of a and s.
27
Let n be 10 + -5 - 0/2. Suppose -n*b = -a + 392 - 42, 5*b = 3*a - 1040. Suppose 9 = -3*y + a. What is the highest common factor of y and 14?
14
Let q be (2/(-3))/((-14)/(-189)). Let z be (-2)/(-3)*-2*q. Suppose g + 4*n - 68 - 4 = 0, 2*g - 4*n - 108 = 0. What is the highest common divisor of z and g?
12
Let p(l) = -5*l + 5. Let b be p(1). Suppose -2*a + 3*y + 4 = b, 5*a - 4*y - 30 + 6 = 0. What is the greatest common divisor of a and